{"id":1829,"date":"2020-06-07T16:57:30","date_gmt":"2020-06-07T14:57:30","guid":{"rendered":"https:\/\/guc.asso.fr\/gucescrime\/?page_id=1829"},"modified":"2021-06-21T17:25:23","modified_gmt":"2021-06-21T15:25:23","slug":"le-maitre-darmes","status":"publish","type":"page","link":"http:\/\/guc.asso.fr\/gucescrime\/index.php\/guc-escrime\/le-club\/le-maitre-darmes\/","title":{"rendered":"Le Ma\u00eetre d&rsquo;armes"},"content":{"rendered":"\n<h3 class=\"wp-block-heading\">Jocelyn MARTIN<\/h3>\n\n\n\n<div style=\"height:20px\" aria-hidden=\"true\" class=\"wp-block-spacer\"><\/div>\n\n\n\n<p>Les entra\u00eenements, l&rsquo;accompagnement et le coaching des jeunes tireurs aux comp\u00e9titions sont assur\u00e9s par Jocelyn MARTIN depuis septembre 2020.<\/p>\n\n\n\n<p>Jocelyn a appris l\u2019escrime au club de Privas et obtenu son dipl\u00f4me BPJEPS-Escrime au centre de formation r\u00e9gional de Lyon. Il est plein d\u2019enthousiasme, pr\u00eat \u00e0 s\u2019engager et \u00e0 s\u2019investir dans l\u2019animation des groupes d\u2019enfants, comme des groupes d\u2019adultes. D\u2019un naturel pos\u00e9 et serein, il a plein d\u2019id\u00e9es nouvelles pour le club et une fa\u00e7on diff\u00e9rente d\u2019enseigner l\u2019escrime. Avec toute la fougue de sa jeunesse, il a envie d\u2019apprendre, mais aussi de transmettre sa passion de l\u2019escrime \u00e0 ses \u00e9l\u00e8ves.<\/p>\n\n\n\n<div style=\"height:20px\" aria-hidden=\"true\" class=\"wp-block-spacer\"><\/div>\n\n\n\n<figure class=\"wp-block-image size-large\"><img data-recalc-dims=\"1\" loading=\"lazy\" decoding=\"async\" width=\"685\" height=\"457\" data-attachment-id=\"2115\" data-permalink=\"http:\/\/guc.asso.fr\/gucescrime\/ac6i6827\/\" data-orig-file=\"https:\/\/i0.wp.com\/guc.asso.fr\/gucescrime\/wp-content\/uploads\/2020\/09\/AC6I6827-scaled.jpg?fit=2560%2C1707\" data-orig-size=\"2560,1707\" data-comments-opened=\"0\" data-image-meta=\"{&quot;aperture&quot;:&quot;5.6&quot;,&quot;credit&quot;:&quot;&quot;,&quot;camera&quot;:&quot;Canon EOS-1D X Mark II&quot;,&quot;caption&quot;:&quot;&quot;,&quot;created_timestamp&quot;:&quot;1598955844&quot;,&quot;copyright&quot;:&quot;&quot;,&quot;focal_length&quot;:&quot;24&quot;,&quot;iso&quot;:&quot;400&quot;,&quot;shutter_speed&quot;:&quot;0.00625&quot;,&quot;title&quot;:&quot;&quot;,&quot;orientation&quot;:&quot;1&quot;}\" data-image-title=\"AC6I6827\" data-image-description=\"\" data-image-caption=\"\" data-medium-file=\"https:\/\/i0.wp.com\/guc.asso.fr\/gucescrime\/wp-content\/uploads\/2020\/09\/AC6I6827-scaled.jpg?fit=300%2C200\" data-large-file=\"https:\/\/i0.wp.com\/guc.asso.fr\/gucescrime\/wp-content\/uploads\/2020\/09\/AC6I6827-scaled.jpg?fit=685%2C457\" src=\"https:\/\/i0.wp.com\/guc.asso.fr\/gucescrime\/wp-content\/uploads\/2020\/09\/AC6I6827.jpg?resize=685%2C457\" alt=\"\" class=\"wp-image-2115\" srcset=\"https:\/\/i0.wp.com\/guc.asso.fr\/gucescrime\/wp-content\/uploads\/2020\/09\/AC6I6827-scaled.jpg?resize=1024%2C683 1024w, https:\/\/i0.wp.com\/guc.asso.fr\/gucescrime\/wp-content\/uploads\/2020\/09\/AC6I6827-scaled.jpg?resize=300%2C200 300w, https:\/\/i0.wp.com\/guc.asso.fr\/gucescrime\/wp-content\/uploads\/2020\/09\/AC6I6827-scaled.jpg?resize=768%2C512 768w, https:\/\/i0.wp.com\/guc.asso.fr\/gucescrime\/wp-content\/uploads\/2020\/09\/AC6I6827-scaled.jpg?resize=1536%2C1024 1536w, https:\/\/i0.wp.com\/guc.asso.fr\/gucescrime\/wp-content\/uploads\/2020\/09\/AC6I6827-scaled.jpg?resize=2048%2C1365 2048w, https:\/\/i0.wp.com\/guc.asso.fr\/gucescrime\/wp-content\/uploads\/2020\/09\/AC6I6827-scaled.jpg?resize=685%2C457 685w, https:\/\/i0.wp.com\/guc.asso.fr\/gucescrime\/wp-content\/uploads\/2020\/09\/AC6I6827-scaled.jpg?resize=2000%2C1333 2000w, https:\/\/i0.wp.com\/guc.asso.fr\/gucescrime\/wp-content\/uploads\/2020\/09\/AC6I6827-scaled.jpg?resize=342%2C228 342w, https:\/\/i0.wp.com\/guc.asso.fr\/gucescrime\/wp-content\/uploads\/2020\/09\/AC6I6827-scaled.jpg?w=1370 1370w\" sizes=\"auto, (max-width: 685px) 100vw, 685px\" \/><\/figure>\n\n\n\n<div style=\"height:20px\" aria-hidden=\"true\" class=\"wp-block-spacer\"><\/div>\n\n\n\n<figure class=\"wp-block-image size-large\"><img data-recalc-dims=\"1\" loading=\"lazy\" decoding=\"async\" width=\"685\" height=\"457\" data-attachment-id=\"2116\" data-permalink=\"http:\/\/guc.asso.fr\/gucescrime\/ac6i6742\/\" data-orig-file=\"https:\/\/i0.wp.com\/guc.asso.fr\/gucescrime\/wp-content\/uploads\/2020\/09\/AC6I6742-scaled.jpg?fit=2560%2C1707\" data-orig-size=\"2560,1707\" data-comments-opened=\"0\" data-image-meta=\"{&quot;aperture&quot;:&quot;5.6&quot;,&quot;credit&quot;:&quot;&quot;,&quot;camera&quot;:&quot;Canon EOS-1D X Mark II&quot;,&quot;caption&quot;:&quot;&quot;,&quot;created_timestamp&quot;:&quot;1598955148&quot;,&quot;copyright&quot;:&quot;&quot;,&quot;focal_length&quot;:&quot;115&quot;,&quot;iso&quot;:&quot;400&quot;,&quot;shutter_speed&quot;:&quot;0.005&quot;,&quot;title&quot;:&quot;&quot;,&quot;orientation&quot;:&quot;1&quot;}\" data-image-title=\"AC6I6742\" data-image-description=\"\" data-image-caption=\"\" data-medium-file=\"https:\/\/i0.wp.com\/guc.asso.fr\/gucescrime\/wp-content\/uploads\/2020\/09\/AC6I6742-scaled.jpg?fit=300%2C200\" data-large-file=\"https:\/\/i0.wp.com\/guc.asso.fr\/gucescrime\/wp-content\/uploads\/2020\/09\/AC6I6742-scaled.jpg?fit=685%2C457\" src=\"https:\/\/i0.wp.com\/guc.asso.fr\/gucescrime\/wp-content\/uploads\/2020\/09\/AC6I6742.jpg?resize=685%2C457\" alt=\"\" class=\"wp-image-2116\" srcset=\"https:\/\/i0.wp.com\/guc.asso.fr\/gucescrime\/wp-content\/uploads\/2020\/09\/AC6I6742-scaled.jpg?resize=1024%2C683 1024w, https:\/\/i0.wp.com\/guc.asso.fr\/gucescrime\/wp-content\/uploads\/2020\/09\/AC6I6742-scaled.jpg?resize=300%2C200 300w, https:\/\/i0.wp.com\/guc.asso.fr\/gucescrime\/wp-content\/uploads\/2020\/09\/AC6I6742-scaled.jpg?resize=768%2C512 768w, https:\/\/i0.wp.com\/guc.asso.fr\/gucescrime\/wp-content\/uploads\/2020\/09\/AC6I6742-scaled.jpg?resize=1536%2C1024 1536w, https:\/\/i0.wp.com\/guc.asso.fr\/gucescrime\/wp-content\/uploads\/2020\/09\/AC6I6742-scaled.jpg?resize=2048%2C1365 2048w, https:\/\/i0.wp.com\/guc.asso.fr\/gucescrime\/wp-content\/uploads\/2020\/09\/AC6I6742-scaled.jpg?resize=685%2C457 685w, https:\/\/i0.wp.com\/guc.asso.fr\/gucescrime\/wp-content\/uploads\/2020\/09\/AC6I6742-scaled.jpg?resize=2000%2C1333 2000w, https:\/\/i0.wp.com\/guc.asso.fr\/gucescrime\/wp-content\/uploads\/2020\/09\/AC6I6742-scaled.jpg?resize=342%2C228 342w, https:\/\/i0.wp.com\/guc.asso.fr\/gucescrime\/wp-content\/uploads\/2020\/09\/AC6I6742-scaled.jpg?w=1370 1370w\" sizes=\"auto, (max-width: 685px) 100vw, 685px\" \/><\/figure>\n","protected":false},"excerpt":{"rendered":"<p>Jocelyn MARTIN Les entra\u00eenements, l&rsquo;accompagnement et le coaching des jeunes tireurs aux comp\u00e9titions sont assur\u00e9s par Jocelyn MARTIN depuis septembre 2020. Jocelyn a appris l\u2019escrime au club de Privas et obtenu son dipl\u00f4me BPJEPS-Escrime au centre de formation r\u00e9gional de Lyon. Il est plein d\u2019enthousiasme, pr\u00eat \u00e0 s\u2019engager et \u00e0 s\u2019investir dans l\u2019animation des groupes &hellip; <a href=\"http:\/\/guc.asso.fr\/gucescrime\/index.php\/guc-escrime\/le-club\/le-maitre-darmes\/\" class=\"more-link\">Lire la suite <span class=\"screen-reader-text\">Le Ma\u00eetre d&rsquo;armes<\/span><\/a><\/p>\n","protected":false},"author":1,"featured_media":0,"parent":1779,"menu_order":0,"comment_status":"closed","ping_status":"closed","template":"","meta":{"jetpack_post_was_ever_published":false,"footnotes":""},"class_list":["post-1829","page","type-page","status-publish","hentry"],"yoast_head":"<!-- This site is optimized with the Yoast SEO plugin v24.2 - https:\/\/yoast.com\/wordpress\/plugins\/seo\/ -->\n<title>Le Ma\u00eetre d&#039;armes - GUC-Escrime<\/title>\n<meta name=\"robots\" content=\"index, follow, max-snippet:-1, max-image-preview:large, max-video-preview:-1\" \/>\n<link rel=\"canonical\" href=\"https:\/\/guc.asso.fr\/gucescrime\/index.php\/guc-escrime\/le-club\/le-maitre-darmes\/\" \/>\n<meta property=\"og:locale\" content=\"fr_FR\" \/>\n<meta property=\"og:type\" content=\"article\" \/>\n<meta property=\"og:title\" content=\"Le Ma\u00eetre d&#039;armes - GUC-Escrime\" \/>\n<meta property=\"og:description\" content=\"Jocelyn MARTIN Les entra\u00eenements, l&rsquo;accompagnement et le coaching des jeunes tireurs aux comp\u00e9titions sont assur\u00e9s par Jocelyn MARTIN depuis septembre 2020. Jocelyn a appris l\u2019escrime au club de Privas et obtenu son dipl\u00f4me BPJEPS-Escrime au centre de formation r\u00e9gional de Lyon. Il est plein d\u2019enthousiasme, pr\u00eat \u00e0 s\u2019engager et \u00e0 s\u2019investir dans l\u2019animation des groupes &hellip; Lire la suite Le Ma\u00eetre d&rsquo;armes\" \/>\n<meta property=\"og:url\" content=\"https:\/\/guc.asso.fr\/gucescrime\/index.php\/guc-escrime\/le-club\/le-maitre-darmes\/\" \/>\n<meta property=\"og:site_name\" content=\"GUC-Escrime\" \/>\n<meta property=\"article:publisher\" content=\"https:\/\/www.facebook.com\/gucescrime\" \/>\n<meta property=\"article:modified_time\" content=\"2021-06-21T15:25:23+00:00\" \/>\n<meta property=\"og:image\" content=\"http:\/\/guc.asso.fr\/gucescrime\/wp-content\/uploads\/2020\/09\/AC6I6827-1024x683.jpg\" \/>\n<meta name=\"twitter:card\" content=\"summary_large_image\" \/>\n<meta name=\"twitter:label1\" content=\"Dur\u00e9e de lecture estim\u00e9e\" \/>\n\t<meta name=\"twitter:data1\" content=\"1 minute\" \/>\n<script type=\"application\/ld+json\" class=\"yoast-schema-graph\">{\"@context\":\"https:\/\/schema.org\",\"@graph\":[{\"@type\":\"WebPage\",\"@id\":\"https:\/\/guc.asso.fr\/gucescrime\/index.php\/guc-escrime\/le-club\/le-maitre-darmes\/\",\"url\":\"https:\/\/guc.asso.fr\/gucescrime\/index.php\/guc-escrime\/le-club\/le-maitre-darmes\/\",\"name\":\"Le Ma\u00eetre d'armes - GUC-Escrime\",\"isPartOf\":{\"@id\":\"https:\/\/guc.asso.fr\/gucescrime\/#website\"},\"primaryImageOfPage\":{\"@id\":\"https:\/\/guc.asso.fr\/gucescrime\/index.php\/guc-escrime\/le-club\/le-maitre-darmes\/#primaryimage\"},\"image\":{\"@id\":\"https:\/\/guc.asso.fr\/gucescrime\/index.php\/guc-escrime\/le-club\/le-maitre-darmes\/#primaryimage\"},\"thumbnailUrl\":\"http:\/\/guc.asso.fr\/gucescrime\/wp-content\/uploads\/2020\/09\/AC6I6827-1024x683.jpg\",\"datePublished\":\"2020-06-07T14:57:30+00:00\",\"dateModified\":\"2021-06-21T15:25:23+00:00\",\"breadcrumb\":{\"@id\":\"https:\/\/guc.asso.fr\/gucescrime\/index.php\/guc-escrime\/le-club\/le-maitre-darmes\/#breadcrumb\"},\"inLanguage\":\"fr-FR\",\"potentialAction\":[{\"@type\":\"ReadAction\",\"target\":[\"https:\/\/guc.asso.fr\/gucescrime\/index.php\/guc-escrime\/le-club\/le-maitre-darmes\/\"]}]},{\"@type\":\"ImageObject\",\"inLanguage\":\"fr-FR\",\"@id\":\"https:\/\/guc.asso.fr\/gucescrime\/index.php\/guc-escrime\/le-club\/le-maitre-darmes\/#primaryimage\",\"url\":\"https:\/\/i0.wp.com\/guc.asso.fr\/gucescrime\/wp-content\/uploads\/2020\/09\/AC6I6827-scaled.jpg?fit=2560%2C1707\",\"contentUrl\":\"https:\/\/i0.wp.com\/guc.asso.fr\/gucescrime\/wp-content\/uploads\/2020\/09\/AC6I6827-scaled.jpg?fit=2560%2C1707\",\"width\":2560,\"height\":1707},{\"@type\":\"BreadcrumbList\",\"@id\":\"https:\/\/guc.asso.fr\/gucescrime\/index.php\/guc-escrime\/le-club\/le-maitre-darmes\/#breadcrumb\",\"itemListElement\":[{\"@type\":\"ListItem\",\"position\":1,\"name\":\"Accueil\",\"item\":\"https:\/\/guc.asso.fr\/gucescrime\/\"},{\"@type\":\"ListItem\",\"position\":2,\"name\":\"GUC Escrime\",\"item\":\"https:\/\/guc.asso.fr\/gucescrime\/\"},{\"@type\":\"ListItem\",\"position\":3,\"name\":\"Le club\",\"item\":\"http:\/\/guc.asso.fr\/gucescrime\/index.php\/guc-escrime\/le-club\/\"},{\"@type\":\"ListItem\",\"position\":4,\"name\":\"Le Ma\u00eetre d&rsquo;armes\"}]},{\"@type\":\"WebSite\",\"@id\":\"https:\/\/guc.asso.fr\/gucescrime\/#website\",\"url\":\"https:\/\/guc.asso.fr\/gucescrime\/\",\"name\":\"GUC-Escrime\",\"description\":\"L&#039;art du fleuret et l&#039;esprit du sport \u00e0 Grenoble\",\"publisher\":{\"@id\":\"https:\/\/guc.asso.fr\/gucescrime\/#organization\"},\"potentialAction\":[{\"@type\":\"SearchAction\",\"target\":{\"@type\":\"EntryPoint\",\"urlTemplate\":\"https:\/\/guc.asso.fr\/gucescrime\/?s={search_term_string}\"},\"query-input\":{\"@type\":\"PropertyValueSpecification\",\"valueRequired\":true,\"valueName\":\"search_term_string\"}}],\"inLanguage\":\"fr-FR\"},{\"@type\":\"Organization\",\"@id\":\"https:\/\/guc.asso.fr\/gucescrime\/#organization\",\"name\":\"GUC-Escrime\",\"url\":\"https:\/\/guc.asso.fr\/gucescrime\/\",\"logo\":{\"@type\":\"ImageObject\",\"inLanguage\":\"fr-FR\",\"@id\":\"https:\/\/guc.asso.fr\/gucescrime\/#\/schema\/logo\/image\/\",\"url\":\"https:\/\/i0.wp.com\/guc.asso.fr\/gucescrime\/wp-content\/uploads\/2018\/06\/logo_GUC2014_JV_h0250.png?fit=186%2C250\",\"contentUrl\":\"https:\/\/i0.wp.com\/guc.asso.fr\/gucescrime\/wp-content\/uploads\/2018\/06\/logo_GUC2014_JV_h0250.png?fit=186%2C250\",\"width\":186,\"height\":250,\"caption\":\"GUC-Escrime\"},\"image\":{\"@id\":\"https:\/\/guc.asso.fr\/gucescrime\/#\/schema\/logo\/image\/\"},\"sameAs\":[\"https:\/\/www.facebook.com\/gucescrime\"]}]}<\/script>\n<!-- \/ Yoast SEO plugin. -->","yoast_head_json":{"title":"Le Ma\u00eetre d'armes - GUC-Escrime","robots":{"index":"index","follow":"follow","max-snippet":"max-snippet:-1","max-image-preview":"max-image-preview:large","max-video-preview":"max-video-preview:-1"},"canonical":"https:\/\/guc.asso.fr\/gucescrime\/index.php\/guc-escrime\/le-club\/le-maitre-darmes\/","og_locale":"fr_FR","og_type":"article","og_title":"Le Ma\u00eetre d'armes - GUC-Escrime","og_description":"Jocelyn MARTIN Les entra\u00eenements, l&rsquo;accompagnement et le coaching des jeunes tireurs aux comp\u00e9titions sont assur\u00e9s par Jocelyn MARTIN depuis septembre 2020. Jocelyn a appris l\u2019escrime au club de Privas et obtenu son dipl\u00f4me BPJEPS-Escrime au centre de formation r\u00e9gional de Lyon. Il est plein d\u2019enthousiasme, pr\u00eat \u00e0 s\u2019engager et \u00e0 s\u2019investir dans l\u2019animation des groupes &hellip; Lire la suite Le Ma\u00eetre d&rsquo;armes","og_url":"https:\/\/guc.asso.fr\/gucescrime\/index.php\/guc-escrime\/le-club\/le-maitre-darmes\/","og_site_name":"GUC-Escrime","article_publisher":"https:\/\/www.facebook.com\/gucescrime","article_modified_time":"2021-06-21T15:25:23+00:00","og_image":[{"url":"http:\/\/guc.asso.fr\/gucescrime\/wp-content\/uploads\/2020\/09\/AC6I6827-1024x683.jpg","type":"","width":"","height":""}],"twitter_card":"summary_large_image","twitter_misc":{"Dur\u00e9e de lecture estim\u00e9e":"1 minute"},"schema":{"@context":"https:\/\/schema.org","@graph":[{"@type":"WebPage","@id":"https:\/\/guc.asso.fr\/gucescrime\/index.php\/guc-escrime\/le-club\/le-maitre-darmes\/","url":"https:\/\/guc.asso.fr\/gucescrime\/index.php\/guc-escrime\/le-club\/le-maitre-darmes\/","name":"Le Ma\u00eetre d'armes - GUC-Escrime","isPartOf":{"@id":"https:\/\/guc.asso.fr\/gucescrime\/#website"},"primaryImageOfPage":{"@id":"https:\/\/guc.asso.fr\/gucescrime\/index.php\/guc-escrime\/le-club\/le-maitre-darmes\/#primaryimage"},"image":{"@id":"https:\/\/guc.asso.fr\/gucescrime\/index.php\/guc-escrime\/le-club\/le-maitre-darmes\/#primaryimage"},"thumbnailUrl":"http:\/\/guc.asso.fr\/gucescrime\/wp-content\/uploads\/2020\/09\/AC6I6827-1024x683.jpg","datePublished":"2020-06-07T14:57:30+00:00","dateModified":"2021-06-21T15:25:23+00:00","breadcrumb":{"@id":"https:\/\/guc.asso.fr\/gucescrime\/index.php\/guc-escrime\/le-club\/le-maitre-darmes\/#breadcrumb"},"inLanguage":"fr-FR","potentialAction":[{"@type":"ReadAction","target":["https:\/\/guc.asso.fr\/gucescrime\/index.php\/guc-escrime\/le-club\/le-maitre-darmes\/"]}]},{"@type":"ImageObject","inLanguage":"fr-FR","@id":"https:\/\/guc.asso.fr\/gucescrime\/index.php\/guc-escrime\/le-club\/le-maitre-darmes\/#primaryimage","url":"https:\/\/i0.wp.com\/guc.asso.fr\/gucescrime\/wp-content\/uploads\/2020\/09\/AC6I6827-scaled.jpg?fit=2560%2C1707","contentUrl":"https:\/\/i0.wp.com\/guc.asso.fr\/gucescrime\/wp-content\/uploads\/2020\/09\/AC6I6827-scaled.jpg?fit=2560%2C1707","width":2560,"height":1707},{"@type":"BreadcrumbList","@id":"https:\/\/guc.asso.fr\/gucescrime\/index.php\/guc-escrime\/le-club\/le-maitre-darmes\/#breadcrumb","itemListElement":[{"@type":"ListItem","position":1,"name":"Accueil","item":"https:\/\/guc.asso.fr\/gucescrime\/"},{"@type":"ListItem","position":2,"name":"GUC Escrime","item":"https:\/\/guc.asso.fr\/gucescrime\/"},{"@type":"ListItem","position":3,"name":"Le club","item":"http:\/\/guc.asso.fr\/gucescrime\/index.php\/guc-escrime\/le-club\/"},{"@type":"ListItem","position":4,"name":"Le Ma\u00eetre d&rsquo;armes"}]},{"@type":"WebSite","@id":"https:\/\/guc.asso.fr\/gucescrime\/#website","url":"https:\/\/guc.asso.fr\/gucescrime\/","name":"GUC-Escrime","description":"L&#039;art du fleuret et l&#039;esprit du sport \u00e0 Grenoble","publisher":{"@id":"https:\/\/guc.asso.fr\/gucescrime\/#organization"},"potentialAction":[{"@type":"SearchAction","target":{"@type":"EntryPoint","urlTemplate":"https:\/\/guc.asso.fr\/gucescrime\/?s={search_term_string}"},"query-input":{"@type":"PropertyValueSpecification","valueRequired":true,"valueName":"search_term_string"}}],"inLanguage":"fr-FR"},{"@type":"Organization","@id":"https:\/\/guc.asso.fr\/gucescrime\/#organization","name":"GUC-Escrime","url":"https:\/\/guc.asso.fr\/gucescrime\/","logo":{"@type":"ImageObject","inLanguage":"fr-FR","@id":"https:\/\/guc.asso.fr\/gucescrime\/#\/schema\/logo\/image\/","url":"https:\/\/i0.wp.com\/guc.asso.fr\/gucescrime\/wp-content\/uploads\/2018\/06\/logo_GUC2014_JV_h0250.png?fit=186%2C250","contentUrl":"https:\/\/i0.wp.com\/guc.asso.fr\/gucescrime\/wp-content\/uploads\/2018\/06\/logo_GUC2014_JV_h0250.png?fit=186%2C250","width":186,"height":250,"caption":"GUC-Escrime"},"image":{"@id":"https:\/\/guc.asso.fr\/gucescrime\/#\/schema\/logo\/image\/"},"sameAs":["https:\/\/www.facebook.com\/gucescrime"]}]}},"jetpack_sharing_enabled":true,"jetpack_shortlink":"https:\/\/wp.me\/Pa0KHz-tv","_links":{"self":[{"href":"http:\/\/guc.asso.fr\/gucescrime\/index.php\/wp-json\/wp\/v2\/pages\/1829","targetHints":{"allow":["GET"]}}],"collection":[{"href":"http:\/\/guc.asso.fr\/gucescrime\/index.php\/wp-json\/wp\/v2\/pages"}],"about":[{"href":"http:\/\/guc.asso.fr\/gucescrime\/index.php\/wp-json\/wp\/v2\/types\/page"}],"author":[{"embeddable":true,"href":"http:\/\/guc.asso.fr\/gucescrime\/index.php\/wp-json\/wp\/v2\/users\/1"}],"replies":[{"embeddable":true,"href":"http:\/\/guc.asso.fr\/gucescrime\/index.php\/wp-json\/wp\/v2\/comments?post=1829"}],"version-history":[{"count":7,"href":"http:\/\/guc.asso.fr\/gucescrime\/index.php\/wp-json\/wp\/v2\/pages\/1829\/revisions"}],"predecessor-version":[{"id":2663,"href":"http:\/\/guc.asso.fr\/gucescrime\/index.php\/wp-json\/wp\/v2\/pages\/1829\/revisions\/2663"}],"up":[{"embeddable":true,"href":"http:\/\/guc.asso.fr\/gucescrime\/index.php\/wp-json\/wp\/v2\/pages\/1779"}],"wp:attachment":[{"href":"http:\/\/guc.asso.fr\/gucescrime\/index.php\/wp-json\/wp\/v2\/media?parent=1829"}],"curies":[{"name":"wp","href":"https:\/\/api.w.org\/{rel}","templated":true}]}}